hat is -1 - -1222102?
1222101
In base 13, what is -4 - -1309?
1305
In base 15, what is 1 - 1137ec?
-1137eb
In base 7, what is -1641 + 34?
-1604
In base 12, what is -598 - -108?
-490
In base 11, what is -198 + -679?
-866
In base 15, what is -2c90 - -3?
-2c8c
In base 9, what is 0 + 513858?
513858
In base 6, what is -31324012 - 4?
-31324020
In base 3, what is 2001022 - 1000?
2000022
In base 11, what is 5317 - 61?
5266
In base 15, what is -d29 + a5?
-c74
In base 9, what is 607321 - -3?
607324
In base 15, what is 1794 + -41?
1753
In base 16, what is 14b6 + -3?
14b3
In base 6, what is 345 + 22?
411
In base 4, what is -2 + 10303131?
10303123
In base 9, what is 583232 - 0?
583232
In base 11, what is -1944168 + 4?
-1944164
In base 7, what is 5 + -5042?
-5034
In base 8, what is 3227 + 2670?
6117
In base 5, what is 4 - 2033444?
-2033440
In base 8, what is -563374 - 0?
-563374
In base 5, what is 30 - -11333?
11413
In base 7, what is 0 - 320262?
-320262
In base 9, what is 53185 + -4?
53181
In base 12, what is -1 + -19935?
-19936
In base 10, what is -923658 + -1?
-923659
In base 3, what is -2110 - 22021?
-101201
In base 4, what is -2220 + -21230?
-30110
In base 5, what is 1040 - 42013?
-40423
In base 2, what is 1000 - 111010101011?
-111010100011
In base 3, what is 10122112 - 1?
10122111
In base 9, what is -87 - -17514?
17416
In base 6, what is -1113443 - 3?
-1113450
In base 11, what is -21 - -20521?
20500
In base 10, what is -2340 - 3?
-2343
In base 4, what is 2313 - 1130133?
-1121220
In base 7, what is -5025 - -155?
-4540
In base 3, what is -11 + 120121011?
120121000
In base 4, what is 11323 + -12131?
-202
In base 4, what is 2203 - -2102103?
2110312
In base 15, what is 6be + 4?
6c3
In base 6, what is 2254 - -3053?
5351
In base 11, what is 1 + 16627?
16628
In base 3, what is 12202102121022 - -10?
12202102121102
In base 9, what is 10013 - -20?
10033
In base 5, what is 23242421 - 1?
23242420
In base 13, what is -6823 - -34?
-67bc
In base 12, what is 3682 + 4?
3686
In base 10, what is -5 + 16068?
16063
In base 4, what is 21210000 - -100?
21210100
In base 7, what is 0 - -15514?
15514
In base 13, what is -1 + 3796?
3795
In base 9, what is 78633 - -2?
78635
In base 9, what is -1132 + 0?
-1132
In base 6, what is 112231 - -25?
112300
In base 14, what is 4 - 3c1?
-3bb
In base 10, what is 31673 + 6?
31679
In base 6, what is 1044012 + 5?
1044021
In base 10, what is 390175 + -3?
390172
In base 6, what is -534 + 1445?
511
In base 8, what is -311263 - 2?
-311265
In base 4, what is -10313200 + -2210?
-10322010
In base 13, what is 17 + -8206?
-81bc
In base 5, what is 3401201 + -3?
3401143
In base 16, what is 109d + 2?
109f
In base 8, what is 3 + -35130?
-35125
In base 5, what is 4131 - -3144?
12330
In base 9, what is 375811 - 0?
375811
In base 4, what is -30301 + 2?
-30233
In base 14, what is 3 - 73b2?
-73ad
In base 2, what is 11010111 + 1001100111110?
1010000010101
In base 4, what is -13233332 - 3?
-13300001
In base 8, what is -10 - -271023?
271013
In base 16, what is e5f45 + 6?
e5f4b
In base 4, what is 101 - -1302321?
1303022
In base 3, what is -1 - 111121002102?
-111121002110
In base 14, what is 35b1 + b?
35bc
In base 14, what is 89a + -12?
888
In base 10, what is 244 + -3?
241
In base 11, what is -5a3 - 23?
-616
In base 8, what is 5 + 261?
266
In base 15, what is b08d5 + 4?
b08d9
In base 3, what is -101102012 - -212?
-101101100
In base 10, what is 138016 - 1?
138015
In base 4, what is 110111 - -2322?
113033
In base 5, what is -32242 + -4020?
-41312
In base 4, what is -200 - -111330?
111130
In base 13, what is 0 - 21a58a?
-21a58a
In base 2, what is 111000011 + -110001?
110010010
In base 6, what is -404 + -32445?
-33253
In base 3, what is -11112000101 + -10?
-11112000111
In base 14, what is 147 - 459?
-312
In base 16, what is -50107 - -4?
-50103
In base 9, what is 65650 + -4?
65645
In base 3, what is 11 - -102112210?
102112221
In base 3, what is -2122202 - 22012?
-2221221
In base 4, what is -121 - 21221302?
-21222023
In base 7, what is -163445 + -2?
-163450
In base 12, what is 31 + 253ba?
2542b
In base 10, what is 1849 + -70?
1779
In base 2, what is 101101111 + 1000001001?
1101111000
In base 7, what is 4355555 - 13?
4355542
In base 15, what is 3be - -4bc?
88b
In base 10, what is -9526 - 244?
-9770
In base 4, what is 200331022 - -1?
200331023
In base 8, what is 5 + 2321115?
2321122
In base 16, what is 102a1d + 4?
102a21
In base 2, what is -10000010 - -110101010?
100101000
In base 5, what is -1 - -1243413?
1243412
In base 2, what is -1010000101010 + 1010?
-1010000100000
In base 13, what is 3b82 - 1?
3b81
In base 12, what is 219 + 48?
265
In base 7, what is 53351 - 30?
53321
In base 14, what is -5 - -111354?
11134d
In base 6, what is -150454 - 1?
-150455
In base 7, what is 3 - -63240?
63243
In base 8, what is 10644 + 5?
10651
In base 16, what is 1e42c - -1?
1e42d
In base 6, what is -3 - 1241151?
-1241154
In base 11, what is -5 + 51974?
5196a
In base 8, what is 1213067 - -2?
1213071
In base 2, what is 1 - -11000010001011101?
11000010001011110
In base 12, what is 130486 + -1?
130485
In base 16, what is 12a04 - 2?
12a02
In base 15, what is 276 + 8e?
315
In base 12, what is -5 + b8295?
b8290
In base 8, what is 70376 - 7?
70367
In base 3, what is -11 - 12020121?
-12020202
In base 14, what is -264a9 + 2?
-264a7
In base 12, what is 90 + -6850?
-6780
In base 8, what is 4320732 + 1?
4320733
In base 4, what is 130301 + -213?
130022
In base 2, what is 10001000101000110 + -1?
10001000101000101
In base 9, what is -358585 + 6?
-358578
In base 10, what is -85311 + -42?
-85353
In base 7, what is -531 + 123?
-405
In base 6, what is 12 - -1?
13
In base 13, what is 3b0c - 137?
39a5
In base 5, what is 13 + 233?
301
In base 12, what is -19b909 + 6?
-19b903
In base 4, what is 103310232 + -3?
103310223
In base 11, what is 1443 - 31?
1412
In base 11, what is -19065 - 5?
-1906a
In base 11, what is -7255 + 8?
-7248
In base 11, what is 2 + -25641?
-2563a
In base 4, what is -1231333 + 1020?
-1230313
In base 7, what is -5 + -210156?
-210164
In base 11, what is -2968 + -4?
-2971
In base 2, what is 100 + 10011000101110001011?
10011000101110001111
In base 10, what is -5 + 198749?
198744
In base 13, what is 2076 + -5?
2071
In base 14, what is 4 - 49102?
-490dc
In base 4, what is -10123232 + -211?
-10130103
In base 16, what is -d1 + 6f?
-62
In base 5, what is 4 - -2214120?
2214124
In base 3, what is 1010121 - -11211?
1022102
In base 14, what is -5 - -245c?
2457
In base 10, what is -424 - -91?
-333
In base 3, what is -201 - -11111110?
11110202
In base 10, what is 24876 + -5?
24871
In base 11, what is -8 + 838a?
8382
In base 2, what is -10000000110 - -1101010?
-1110011100
In base 9, what is 2 - -35740?
35742
In base 14, what is a - 9637?
-962b
In base 6, what is -222 - -143430?
143204
In base 10, what is 61435 + 0?
61435
In base 12, what is 5 + -2262?
-2259
In base 12, what is 5719 - -11?
572a
In base 7, what is 1113364 + -4?
1113360
In base 12, what is 3 - -43615?
43618
In base 14, what is -177 - -42b?
294
In base 15, what is -252 - 323?
-575
In base 4, what is 1130 - 1120310?
-1113120
In base 2, what is 10 + -1110111000111010?
-1110111000111000
In base 9, what is -3 + -34775?
-34778
In base 15, what is 6099 - 8?
6091
In base 12, what is 4 - 250a8?
-250a4
In base 11, what is 169738 + -4?
169734
In base 8, what is -10433 - -31?
-10402
In base 9, what is -13058 + -31?
-13100
In base 8, what is 5 - 151355?
-151350
In base 11, what is 13 - 3a148?
-3a135
In base 5, what is 1002023 - -1?
1002024
In base 10, what is -7 + 3301?
3294
In base 6, what is -3541 + 202?
-3335
In base 4, what is 10121 + -11330?
-1203
In base 10, what is 2629 + 608?
3237
In base 7, what is -201566 + -211?
-202110
In base 3, what is -120122212 - 12?
-120200001
In base 11, what is -682 - -1?
-681
In base 14, what is 1a0 - -73d?
8dd
In base 3, what is 1201 + 21022121?
21101022
In base 7, what is -1031422 + 4?
-1031415
In base 8, what is 144 + 10261?
10425
In base 12, what is -7b + 91?
12
In base 7, what is -36505 + -3?
-36511
In base 2, what is 1111 + -110011000?
-110001001
In base 2, what is 101010001 - 1111011?
11010110
In base 15, what is -19 - c15?
-c2e
In base 7, what is -1334345 + -22?
-1334400
In base 16, what is 8b00c - -3?
8b00f
